e i(c). Let a = -5 - p. Calculate the greatest common factor of a and 6.
6
Let b = 31 + -27. Suppose -l + 2*l - i = 104, b*l + 3*i - 423 = 0. What is the greatest common factor of 70 and l?
35
Let g be (-4)/3*18/4. Let f be (16/6)/(g/(-27)). Let v be (32/f)/(2/24). What is the highest common divisor of 128 and v?
32
Let v be (2 - (-2 - -1)) + -1. Suppose -2*t = v*t - 8. Suppose -t*f = -6*f + 20. What is the greatest common divisor of f and 20?
5
Let u(z) = -z**2 - 9*z + 4. Let d be u(-7). Calculate the highest common factor of d and 18.
18
Let l = -10 + 10. Suppose -10 = n - 2*n - 5*o, l = 4*n - 3*o - 40. Suppose -4*i + 2*z = -n, 3*z - 14 = i - 4. Calculate the greatest common factor of i and 40.
5
Suppose -2*h = -103 + 11. Suppose -5*i - 3 = l - 3*l, 2*i + h = 4*l. Let t(z) = 17*z - 108. Let b be t(8). What is the highest common divisor of b and l?
14
Suppose -3*d = -2*i + 153, 143 = -3*i + 5*i - 5*d. Calculate the highest common divisor of i and 28.
28
Let n(o) = -28*o - 22. Let s(k) = -14*k - 11. Let h(y) = -4*n(y) + 9*s(y). Let u be h(7). Let d = u + 205. What is the highest common factor of d and 12?
12
Suppose z = 3*b + 23, 2*z - 3*b = -5*b + 14. Calculate the greatest common factor of 671 and z.
11
Let d(t) = 5*t - 36. Let p(n) = -2*n + 12. Let h(z) = -4*d(z) - 11*p(z). Let b be h(16). Calculate the highest common divisor of 176 and b.
44
Suppose 5*m + 3*t = 42, -4*m + 3*t - 24 = -7*m. What is the greatest common divisor of m and 8?
1
Suppose 0 = -w - v + 5, 0 = 2*v - 4*v - 2. Suppose 4*o - 2*y + y = 115, -105 = -3*o - 3*y. What is the highest common factor of o and w?
6
Let k be (-107)/(-3)*(-4 - 5). Let w = k + 476. Calculate the highest common divisor of 31 and w.
31
Let r(z) = 8*z**3 + 2*z**2 - 17*z + 73. Let n be r(4). Calculate the highest common factor of 45 and n.
9
Let c be ((-3276)/(-351))/((-1)/(-3)). Let t(d) = -d**3 + 9*d**2 - 7*d + 4. Let k be t(6). What is the greatest common divisor of c and k?
14
Let w = -30 - -26. Let q be (w - 2)/((-4)/48). Calculate the highest common factor of q and 48.
24
Suppose -52 = -h + 179. What is the greatest common divisor of 66 and h?
33
Suppose 2*i = -3*q + 103, -2*q + 52 + 20 = 2*i. What is the greatest common factor of 1 and q?
1
Let q(k) = k**3 + 12*k**2 + k - 46. Let r be q(-10). Calculate the greatest common divisor of 27 and r.
9
Let w = -2 - -12. Let y be (-12)/18 - 179/(-3). Let c = y + -49. Calculate the highest common factor of c and w.
10
Suppose 3*o - o = 5*g - 30, 5*g - 3*o = 30. Suppose 5*z = 318 + 42. Suppose -g*p = -2*p - z. Calculate the highest common divisor of p and 45.
9
Suppose y + 70 = 4*y + 2*t, 21 = y + 3*t. Let g = -22 + 38. Calculate the greatest common divisor of y and g.
8
Let u(m) = 42*m - 276. Let s be u(12). What is the greatest common divisor of s and 60?
12
Let u be -4 + -4 + 3 + 225 + -1. Calculate the highest common divisor of u and 146.
73
Suppose 6*m - 40 = 4*m. Let c(b) = -4*b + 40. Let g be c(9). Calculate the highest common factor of m and g.
4
Suppose -285 = 5*x - 0*x. Let p = -31 - x. What is the highest common factor of 104 and p?
26
Let m(r) = -246*r + 15. Let j be m(-1). What is the greatest common factor of j and 58?
29
Suppose 6*k - 5*r = 2*k + 78, 2*k - 2*r - 40 = 0. Suppose 5*x = 3*p - 157, 5*x - 6*x = -5*p + 225. Calculate the greatest common factor of k and p.
22
Suppose -r - 1 = 1. Let t be (88 - 4/(-2)) + r. Suppose 0 = 8*z - 140 - 36. Calculate the greatest common factor of t and z.
22
Let d = -1438 + 1473. Calculate the highest common divisor of d and 21.
7
Suppose -k + 1 = -4. Suppose -540 = -k*l + 10. Calculate the greatest common divisor of 10 and l.
10
Suppose 14 = r + 3. Let n(x) = 83 - 25*x - 41*x - 94. Let d be n(-2). What is the greatest common factor of d and r?
11
Suppose -3*u + 18 = -57. Suppose -2*h + 5*q = h - u, -3*h = q - 31. Suppose l - c - 11 - h = 0, -3*l + 83 = 2*c. What is the greatest common divisor of l and 5?
5
Let z(s) = 13*s - 25. Let y be z(8). Suppose -5*o + 356 = -y. What is the greatest common divisor of o and 29?
29
Suppose 4*o - 2*l - 36 = 16, -3*o = 2*l - 32. Let i(c) = 2*c - 28. Let t be i(o). Let n be 0*t/(-12) - -52. Calculate the highest common factor of n and 13.
13
Suppose -4*x + 188 = 36. Let y = x - -1. Calculate the highest common divisor of 26 and y.
13
Let q = -495 + 501. What is the highest common divisor of 2 and q?
2
Suppose 4 = 5*t - 4*k, 0 = 5*t + 3*k - 16 - 16. Suppose -3*p + 128 = 2*d, -t = 5*p - 4*p. What is the greatest common divisor of d and 10?
10
Let p(g) = g**3 - 6*g**2 + 7*g - 4. Let v be p(5). Suppose 0 = -0*m + 3*m - 4*a - 116, v = -3*a. What is the highest common factor of m and 24?
12
Suppose 8*i = 1 + 47. Let x = 113 + -65. Calculate the greatest common divisor of i and x.
6
Let d = 262 - 397. Let m = -55 - d. What is the highest common divisor of m and 10?
10
Let o = 243 - 219. Calculate the greatest common divisor of o and 18.
6
Suppose -9*v = 924 - 2544. Calculate the greatest common divisor of 20 and v.
20
Suppose -2*g - 4*y + 8 = 0, 4*g = 2*y - 22 + 48. What is the highest common factor of g and 141?
3
Suppose -363*j + 359*j = -10824. What is the greatest common divisor of 66 and j?
66
Let u(o) = -15*o**3 + 6*o**2 - 4*o - 8. Let d be u(-2). What is the highest common factor of d and 63?
9
Let k be (1 + -2)*(4 + -4). Suppose k = -2*s - 6, -m - 7 = 6*s - 2*s. What is the highest common divisor of 20 and m?
5
Suppose 53 = 3*r + 53. Suppose 0 = -5*z + 17 - 7. Suppose -z*n + 4 = r, 0 = -k + 3*n - 2 - 2. Calculate the greatest common divisor of k and 14.
2
Let q = 88 + -75. What is the highest common divisor of q and 234?
13
Suppose -3*m = -2*m - 162. Let d = 11 - -7. What is the highest common factor of d and m?
18
Suppose 0 = -2*t + t - 4, 3*j - 3*t = 537. What is the highest common divisor of 21 and j?
7
Suppose -4*a + 3*v = -41, 6*a = a + 2*v + 46. Let x be (10/a)/((-4)/(-16)). Suppose -x*w + 155 = -10. Calculate the greatest common factor of 3 and w.
3
Suppose 0 = -765*b + 772*b - 5502. Calculate the highest common divisor of 6 and b.
6
Suppose 3*n + 2*u = 24, -4*u - 8 = 3*n - 4*n. Let m be 2/(-8) - (2 - 306/n). What is the highest common factor of 144 and m?
36
Let s(l) = 5*l**2 + 18*l + 1. Let h be s(-8). Let d be (-5)/10 - h/(-2). Calculate the greatest common divisor of 44 and d.
44
Suppose -3*y - 17*w = -22*w - 49, 3*y - 70 = 2*w. Let a = 42 + -28. What is the highest common divisor of a and y?
14
Let q = -8 + 12. Let s be 1750/49 - 6/(-21). Suppose -19*p + 22*p - s = 0. What is the highest common divisor of q and p?
4
Suppose 4*r - 193 = 5*o, -5*o = -3*o + 10. What is the greatest common divisor of 1918 and r?
14
Suppose -72 = -2*b + 2*g, -4*b + 7*b = 5*g + 108. Calculate the greatest common divisor of b and 81.
9
Suppose -2*d = -2*z - 156, -d - z + 58 = -10. Let s = d - 43. Let v(o) = -2*o + 2. Let l be v(-2). Calculate the greatest common factor of s and l.
6
Let v be 11 + -9 + (1 - -10). What is the greatest common factor of v and 559?
13
Suppose -10*x = 11*x - 3045. Suppose h + h = 10, r - 4*h - 9 = 0. What is the greatest common factor of x and r?
29
Let b(w) = -w**2 - w - 21. Let z be b(0). Let n = -53 + 75. Let m = n + z. What is the greatest common divisor of m and 1?
1
Let o(x) = -x**2 + 14*x + 8. Let y be o(-9). Let w = -117 - y. Calculate the highest common factor of 123 and w.
41
Let f(j) = 11*j. Let q be f(8). Suppose -4*y + 30 = y. Let l = 14 - y. What is the highest common divisor of q and l?
8
Suppose 4*s + 1224 = 13*s. What is the highest common divisor of s and 17?
17
Suppose -20 = -4*k, -3*n - 4*k = -168 - 23. Suppose -2*h + n = 15. Let o = -133 + 322. What is the highest common divisor of h and o?
21
Suppose 5*w = 4*w - 3. Let s be 11/(3*(-1)/w). Suppose -c = -3*t - s, 2*c - 10 = -t + 3*t. Calculate the greatest common divisor of c and 16.
2
Let r(o) = 191*o + 1. Let t be r(-1). Let b = t - -289. Calculate the highest common factor of 9 and b.
9
Suppose -3*u = -3*a - 24, 3*a - 45 = -2*u - 14. Calculate the greatest common factor of 88 and u.
11
Let l = -38 - -25. Suppose -3*s + 9 = -u, -4*s = -2*u - 5 - 7. Let n = s - l. What is the greatest common divisor of n and 24?
8
Let n = -1035 - -1114. What is the greatest common divisor of n and